 = -15. What is the highest common factor of s and 20?
5
Let v be 189 + (-3 + 0)*1. Calculate the greatest common divisor of 124 and v.
62
Let z(a) = 4*a**2 + 47*a + 13. Let q be z(-13). What is the highest common factor of 234 and q?
78
Suppose -2*l = -5*z - 36, 2*z - 4*z + 64 = 2*l. Suppose -24*w + l*w = 56. What is the highest common divisor of w and 56?
14
Suppose -290*y - 176 = -301*y. Let f = 2 - 1. What is the highest common factor of y and f?
1
Let n = 9 + -7. Suppose -3*o + 3*s + 186 = n*o, -3*o + 98 = 5*s. Suppose -c = -122 + 32. What is the greatest common divisor of c and o?
18
Let q be 508 + (-3 - -2) + 33/(-11). Calculate the greatest common factor of q and 63.
63
Let z be (-1)/4 + (-745)/(-20). Let y = z - -5. Calculate the greatest common factor of y and 63.
21
Let c be 8/48 - ((-8250)/(-36))/(-11). What is the greatest common factor of c and 39?
3
Let o be 7 + 72/10*(-210)/(-21). Calculate the greatest common factor of o and 2133.
79
Let a = -130 + 79. Let g = -23 - a. Calculate the greatest common factor of g and 4.
4
Let z be (-4)/10 - 11/((-110)/224). Let v(q) = q - 2. Let x be v(13). Calculate the greatest common divisor of x and z.
11
Let q be (-2 - -2) + -1 + -1. Let l be -2 - 78/(q + -1). Let f be (4/3)/((-1)/(-6)) + 0. Calculate the greatest common divisor of f and l.
8
Suppose 183 = r + 125. Calculate the greatest common factor of 319 and r.
29
Let p(z) = z**2 - 38*z - 47. Let h be p(-33). What is the greatest common factor of h and 56?
56
Let l = 201 - 193. What is the highest common divisor of 6 and l?
2
Suppose 5*w = -11*q + 9*q + 1056, -3*w + 618 = -4*q. Calculate the greatest common divisor of w and 126.
42
Let t = -2 - -6. Suppose t*o + 2*w - 1 = 5, -w - 3 = 0. What is the highest common divisor of 21 and o?
3
Let p be 1*(2 + -31) + (0 - -2). Let i be (-1)/(1 + -2) - 0 - p. Calculate the highest common divisor of i and 28.
28
Suppose -3*m = -m - 10. Let n(k) = -30*k - 27. Let y be n(-5). Suppose 5*q - 310 = -m*h, 2*q + h - y = -2*h. Calculate the highest common factor of 9 and q.
9
Suppose -187 + 979 = 24*v. What is the greatest common factor of 583 and v?
11
Suppose 0 = 5*d + 8 - 78. Let l(i) = 3*i - 35. Let g be l(d). Calculate the highest common divisor of g and 7.
7
Let w = 7 - 6. What is the greatest common factor of 20 and w?
1
Let n be 5 - 3 - (-24)/4. Let l be (0 + -2*n)*-1*2. Calculate the highest common factor of l and 160.
32
Let x be 6/(2/4 + 1). Suppose x*p - 1474 = 426. Let i = p + -295. Calculate the highest common divisor of 20 and i.
20
Let t(c) = c**3 + 4*c**2 - 17*c. Let n be t(-6). Let a = 1 + 5. What is the greatest common factor of n and a?
6
Let s be -1*(1 - (5 + -1)). Let r(i) = -2*i**2 + s*i - 2 - i**2 + 6*i**2 - 2*i**2. Let z be r(-6). What is the greatest common divisor of 2 and z?
2
Suppose v - 10 + 2 = -3*z, 5*v - 5*z - 20 = 0. Suppose 6*w = 3*w + v*o + 189, -o - 63 = -w. What is the greatest common factor of 18 and w?
9
Let p(q) = 18*q**2 - 1. Suppose 3 + 0 = -3*t. Let o be p(t). Suppose 6*v - 65 = 2*v - 3*w, -v + 2*w = -19. Calculate the highest common factor of o and v.
17
Let v(n) = 4*n**2 - 6*n + 63. Let t be v(10). Calculate the highest common divisor of t and 31.
31
Suppose 4*m - 4*h + 1 = -m, 3*m - 5 = h. Let v = m + 1. Let d be 74/12 + v/(-24). Calculate the highest common divisor of 6 and d.
6
Let f = -85 - -91. Suppose -45 = -3*m - 3*g, -3*m + g = -5 - 20. Calculate the highest common factor of f and m.
2
Let w(y) = -2*y**3 - 3*y**2 - 9*y + 12. Let q be w(-5). What is the highest common factor of 58 and q?
58
Let o(t) = -5*t - 48. Let k(m) = -2*m - 16. Let r(w) = 8*k(w) - 3*o(w). Let y be r(10). Calculate the highest common divisor of 24 and y.
6
Let a = -141 - -163. What is the greatest common factor of 2684 and a?
22
Let g be -1492 + (-1)/((-3)/6). Let o be 66/(-55)*g/4. Let j = o + -194. What is the highest common divisor of j and 23?
23
Let w(u) = -2*u. Let k be 9/(108/32)*-3. Let o be w(k). Calculate the greatest common factor of o and 12.
4
Let u be ((-16)/(-10))/(14/35). Suppose -4*g + 7*g = 6. What is the greatest common divisor of u and g?
2
Let u = 242 + -200. What is the greatest common divisor of 63 and u?
21
Suppose -5 = -3*p + 10. Suppose 13 - 63 = -p*x. Let j = x - -2. What is the highest common factor of 4 and j?
4
Let z = 347 - 221. Calculate the highest common divisor of 168 and z.
42
Suppose -11*a = -578 - 478. Calculate the greatest common factor of 160 and a.
32
Let v be -26 + (-4 - 0)/4. Let f = 9 - v. Calculate the greatest common divisor of 12 and f.
12
Suppose -a = 3*a - 4*q - 132, 2*q - 124 = -3*a. Suppose 5*i - a = 3*i + 5*y, -i - 5*y = 11. Calculate the highest common divisor of i and 27.
9
Let u = -64 + 130. Let w be (-12)/u - (-24)/11. Suppose 0 = g - w - 4. Calculate the greatest common factor of g and 54.
6
Suppose -1 - 7 = 2*s, -3*s = -4*z + 428. What is the greatest common factor of 104 and z?
104
Let g(q) = -18*q - 49. Let w be g(-15). Calculate the highest common divisor of w and 17.
17
Suppose 5*x = 3*s - 50, -s - 4*x = -2*x - 2. What is the highest common divisor of s and 530?
10
Let u be (-2)/(-8)*0 - (7 + 1). Let m be 7 + -6 + 3 + u/(-2). Calculate the greatest common divisor of m and 48.
8
Let y be 2*(-7 - 13)/(-5). Calculate the highest common divisor of y and 432.
8
Let i = 10 + -1. Suppose -a + 0 = -y + 75, 2*a + 222 = 3*y. Calculate the highest common divisor of i and y.
9
Let d be -2 + 4 - (0 + -1). Suppose d*o = 2*o - 2673. Let h be o/(-55) + (-4)/(-10). Calculate the greatest common divisor of h and 7.
7
Suppose -6*a = 2*z - 5*a - 48, -12 = 3*a. Suppose -c + 0*c + 1 = 0. Let g be -1*z*(c - 2). Calculate the highest common factor of g and 39.
13
Let v = -16 + 26. Let a be (0 - -30)*30/50. Suppose 32 + a = 5*f. What is the highest common divisor of f and v?
10
Suppose -46*d = 1410 - 5090. Calculate the greatest common factor of 50 and d.
10
Let r(k) = k**2 + 6*k + 2. Let c be r(-6). Suppose -c*l - 144 = -3*l. Calculate the highest common divisor of 9 and l.
9
Let x(n) = n**3 + 5*n**2 + 4*n + 4. Let y be x(-4). Let g be 14 - (2 + -3 + -1). What is the greatest common factor of y and g?
4
Suppose 1138 + 116 = 38*l. Calculate the greatest common factor of 9 and l.
3
Let n(o) = 3*o + 9. Let s be n(-6). Let b be 108*(-1)/(s/15). Let u be (-1)/(-1) - (0 + 76/(-4)). Calculate the highest common factor of b and u.
20
Let w be (-11 - -6) + 9 + 1513. Calculate the greatest common divisor of 82 and w.
41
Let g(p) = -20*p**2 - 19*p + 9. Let w(y) = -7*y**2 - 6*y + 3. Let n(t) = -3*g(t) + 8*w(t). Let k be n(-9). Calculate the greatest common factor of 24 and k.
24
Let v be ((-15)/(-25))/(4/(-20)). Let w be -2 - v*2/2. Calculate the greatest common divisor of w and 3.
1
Let c(l) = l**3 + 8*l**2 + l - 3. Let o be c(-6). Calculate the greatest common factor of 35 and o.
7
Let a = 11 + -5. Let k = 11 - a. Let g be (-22)/(-2) + k + -2. Calculate the greatest common divisor of 28 and g.
14
Suppose -6*c = -2*c - 200. Suppose 0 = 4*w - 278 - c. Calculate the greatest common divisor of 41 and w.
41
Let i = 186 + -116. Let l = i - 57. Calculate the greatest common divisor of l and 26.
13
Let n be (51/9)/((-3)/18). Let d = n + 67. Let t be -66*(-3 + 16/6). Calculate the highest common divisor of d and t.
11
Suppose -2*l + 4*y = -0*y - 110, 2*l - 113 = 5*y. Let v = -32 + l. What is the highest common factor of 68 and v?
17
Let f(j) = 80*j - 222. Let k be f(4). Calculate the highest common factor of 1666 and k.
98
Suppose -27 = -2*x + 4*l + 45, -3*x + 3*l = -123. Let d = -17 + 40. What is the highest common factor of x and d?
23
Suppose 0 = -7*t + 3*t - 8, t = s - 50. What is the greatest common factor of 64 and s?
16
Suppose s = -5*m + 1523, -30*s + 3 = -29*s. What is the highest common factor of 38 and m?
38
Let z be 18/(-12)*1 + 255/6. What is the highest common divisor of 369 and z?
41
Suppose -3*f + 2*f + 11 = 0. Let p = -51 + 56. Suppose 2*c = 4*x - 302 - 56, x - p*c = 103. What is the greatest common divisor of x and f?
11
Let r be 26/(-91)*(-70)/4. What is the greatest common divisor of r and 55?
5
Let n(b) = -43*b - 32. Let c be n(-1). Suppose -2*a + g - 2*g + 246 = 0, -5*g = 3*a - 383. What is the highest common divisor of c and a?
11
Let 